(d) = d**2 - 5*d + 3. Let o(n) = 7*n**2 + 5*n - 8*n**2 + 10*n - 11. Let y be o(14). Determine g(y).
-3
Let c(m) = m. Let x(g) = -2*g + 12. Let v be x(7). Let o = -3 - v. Calculate c(o).
-1
Let g(v) = 3*v**3 - 5*v**2 - 9*v + 8. Let t(z) be the first derivative of z**4/2 - 5*z**3/3 - 4*z**2 + 7*z - 7. Let l(h) = -3*g(h) + 4*t(h). What is l(-4)?
8
Let y = 2 + 7. Let p be 2/(-6) - (-39)/y. Suppose 4*v + 5 = 5*i - v, -p*i = v + 6. Let l(k) = 5*k**2 + k + 1. What is l(i)?
5
Let o(r) = r + 6. Suppose -4*d - 2*q = -10, -3 = 2*q - 5. Suppose 6*x + 20 = d*x. Give o(x).
1
Let x(s) = -11*s**2 - 1. Let r be x(1). Let k be (r/(-10))/((-2)/(-5)). Let g(d) = -5*d + 6*d**2 - 7*d**2 - k - 1. Give g(-5).
-4
Let i = -8 - -10. Let s(d) = 0*d + 1 - d**i - d + 3 + 5*d. Calculate s(5).
-1
Let z(n) be the third derivative of 0*n**4 + 0 - 1/6*n**3 + 1/30*n**5 + 3*n**2 + 0*n. What is z(-2)?
7
Let t(p) = -p - 7. Let a = -118 + 112. Give t(a).
-1
Let c(w) be the first derivative of w**2 + 5*w - 4. Suppose 5 - 30 = 2*p + 3*a, 0 = 3*a + 15. Calculate c(p).
-5
Let w(y) be the second derivative of -7*y**3/6 + y**2/2 - 4*y. Determine w(1).
-6
Let j be (-3)/(2*9/(-24)). Let a = j + -4. Suppose -2*r + r + 6 = a. Let m(q) = q - 10. What is m(r)?
-4
Let m(f) be the second derivative of -5*f**4/12 - f**3/6 + 5*f**2/2 - 2*f. Let w(y) = -4*y**2 + 5. Let u(j) = -5*m(j) + 6*w(j). Let b = -9 + 4. Calculate u(b).
5
Let u(n) be the first derivative of 3*n**4/4 - n**3/3 - 2. Let b be u(1). Suppose -j = b*j. Let s(l) = -l + 4. Give s(j).
4
Let w(t) = t**2 + 1. Let l be w(1). Suppose -l*p - 37 = 5*g, -4*p - 4*g - 8 - 36 = 0. Let j(q) = -q**3 - 5*q**2 + 5*q - 8. Give j(p).
-2
Suppose 0 = 4*q + 8, 0 = 2*u - 0*u - 4*q - 16. Let b(y) = -u*y - 1 + 5*y + y - 3*y. Determine b(-5).
4
Let q(p) = 5*p**2 - 5*p**2 - p**2 - 5*p - 7. Give q(-5).
-7
Suppose -23*z + 90 = -32*z. Let k(w) = w + 8. Determine k(z).
-2
Let c(a) = -a + 10 - 1 + 1. Give c(0).
10
Let t(p) = -5*p - 3. Let z(f) = -f**2 - 15*f + 32. Let q be z(-17). What is t(q)?
7
Let i(o) = -6 - 6*o + 3*o + 13 + 5*o. Let q be (-1)/(-2) - (-77)/(-14). Calculate i(q).
-3
Let d(u) = -5*u. Let j(p) = p**2 - 4*p + 4. Let q(o) = o - 2. Let l be q(5). Let i be j(l). What is d(i)?
-5
Let i(b) = -3*b. Suppose 5*u = 2*n + 14, u - 4 = n - 0. Determine i(u).
-6
Let i(u) = u**3 + 9*u**2 + 8*u + 2. Let j be i(-8). Let q(m) = -4 - m + j - 2*m - 3. Give q(-4).
7
Let j(h) = 2*h**3 + h**2 + 4*h - 5. Let g(s) = -3*s**3 - s**2 - 5*s + 6. Let z(x) = 4*g(x) + 5*j(x). Determine z(-1).
2
Suppose -5*z - 3 = -x, -4*z + 3*x = -0*x - 2. Let g be (2 - (z - -3)) + -2. Let q be g/(-6)*(0 + 6). Let r(v) = 3*v**2 - v - 2. Determine r(q).
8
Let d(t) be the third derivative of -t**6/120 + t**5/12 - t**4/24 - 2*t**3/3 + t**2. Let x = -5 - -7. Suppose -w + 2 = -x. Calculate d(w).
8
Let z(s) be the third derivative of s**5/60 - 5*s**4/24 - s**3/6 + 6*s**2. What is z(4)?
-5
Suppose 3 + 32 = 3*o + 2*p, -o + 4*p = -35. Suppose 4*h = -5 - o. Let c(i) = -i**3 + 5 + 4*i**2 - 9*i**2 + 0. Determine c(h).
5
Let w(g) = -g**3 + 6*g**2 - 6*g + 1. Let j(x) = -x**3 + 7*x**2 - 7*x + 2. Let b(d) = 2*j(d) - 3*w(d). Calculate b(3).
4
Let d = 31 + -32. Let g(c) = c**3 + c**2 - c - 1. Let y(u) = 11*u**3 + 4*u**2 - 4*u - 3. Suppose 2*z - 4 = -2. Let j(w) = z*y(w) - 4*g(w). Give j(d).
-6
Let n(y) be the first derivative of y**4/4 - 4*y**3/3 + y**2/2 + 2*y - 6. Calculate n(3).
-4
Let c(l) be the first derivative of 5*l**3/3 - l**2 + l - 1. Let b(n) = -2*n + 29. Let o be b(14). Determine c(o).
4
Let v be 33/6 + 15/(-5). Let y(g) be the first derivative of v*g**2 - 1 - 3*g. Determine y(2).
7
Let n(v) = -v - 1. Suppose -2*p + 5*p - 12 = 0. Let w(x) = -x. Let s(u) = p*w(u) - n(u). Determine s(1).
-2
Let t(o) = o**3 - 12*o**2 + 10*o + 5. Let r be t(11). Let w(h) = -2*h - 9. Calculate w(r).
3
Suppose 2*k + 2 = 4*k. Let n(i) = -i**2 + 2*i + 9. Let j be n(4). Let s = k - j. Let f(y) = -y**2 - y - 5. What is f(s)?
-5
Let g(j) = 3*j + j**2 + 0*j**2 - 11*j. Determine g(6).
-12
Let j(y) be the third derivative of y**4/8 + y**3/6 + 2*y**2. Suppose -3 = 5*h + 7. Calculate j(h).
-5
Let m(d) be the third derivative of d**7/840 + d**6/180 - d**5/120 + d**4/8 + d**3/3 - 2*d**2. Let x(j) be the first derivative of m(j). Give x(-3).
-3
Let m(p) = 4*p**2 - 9*p + 4. Let w(u) = 5*u**2 - 10*u + 4. Let h(t) = -4*m(t) + 3*w(t). Let k = 15 + -11. Calculate h(k).
4
Suppose 2*l + 4 - 16 = -2*m, -2*l + m + 3 = 0. Suppose 0 = -h - 2*h + 6. Let o(r) = -r - r**3 - r**2 - h*r**3 + 4*r**3 - l. Give o(0).
-3
Let v(t) = -t**2 - 4*t + 5. Suppose 0*r = -3*r + 12. Suppose -4*y - 2*o - 35 + 11 = 0, 2*o = r*y + 8. What is v(y)?
5
Let g(h) be the first derivative of -2/3*h**3 - 1/4*h**4 - 4 + 2*h**2 + 0*h. Determine g(-3).
-3
Suppose 5*q - 4*w = 25, -8*q + 3*q - 3*w = 10. Let h(i) = 3*i + q + i + 2 - 3*i. Give h(-3).
0
Suppose 5*i - 4*a - 1 - 13 = 0, -3*i + 2*a + 10 = 0. Let b(d) = 11*d - 46. Let c(w) = -4*w + 16. Let x(k) = -3*b(k) - 8*c(k). Calculate x(i).
4
Suppose 1 + 4 = -s. Let z(v) = -2*v + 0 - 7*v**2 + v**3 - 7 + 12*v**2. Calculate z(s).
3
Let r be (-6)/(-8)*8/2. Let c(k) = k**r + 4*k**2 + k + k**3 - k**3 + 4. Suppose m = 3*m + 8. Determine c(m).
0
Suppose 12 = 7*z - 3*z. Let m(a) = -a**3 + 10*a**2 + 3*a + 4. Let g(u) = u**2 + u - 1. Let n(l) = z*g(l) - m(l). Determine n(7).
-7
Let l(k) = 3*k**3 - 10*k**2 - 2*k - 10. Let y(n) = 2*n**3 - 5*n**2 - n - 5. Let f(b) = -3*l(b) + 5*y(b). Determine f(-5).
0
Let w(o) = o**3 - 7*o**2 + 9*o - 7. Let a be (-8)/(-6 + 4)*6/4. What is w(a)?
11
Let v(z) = 3*z + 1. Suppose -6*m - 1 = 11. Give v(m).
-5
Let d = 170 - 173. Let z(x) = x**2 - 4. Let l(f) = -f**2 + 3. Let a(p) = 5*l(p) + 4*z(p). Determine a(d).
-10
Let o(t) = -4*t - 5*t - 2 + 3*t. Suppose -18*q = 6*q + 48. Give o(q).
10
Let c(k) = -k**2 + 8*k + 1. Let x(q) be the third derivative of q**4/24 - q**3/6 - 2*q**2. Let l be x(8). Give c(l).
8
Let p(a) be the third derivative of -a**6/120 + a**5/10 - a**4/4 + 5*a**3/6 - 8*a**2. Calculate p(5).
0
Let q = 11 - 16. Let l(z) = 0*z**2 - 3 - 1 + 2*z - 1 + z**2. Calculate l(q).
10
Let y(n) = -5*n**3 - n**2. Let q be y(-1). Let p(h) = h - 1. Let r(l) = 7*l - 8. Let j(v) = 6*p(v) - r(v). What is j(q)?
-2
Let x(a) = 10*a**3 - 2*a**2 + 2*a - 1. Let s be (6/15)/((-3)/(-30)). Suppose -v = -s*v + 3. Calculate x(v).
9
Suppose -4*z = -3*u + 21, -3*z = -5*u - z + 21. Suppose 3*h = u*g - 9, h + 3*h + 8 = 0. Let x(j) = -2*j. Give x(g).
-2
Let y be (1/(-2))/(1/4). Let t(r) = -3*r**2 + 3*r + 11. Let x(d) = -d**2 + 4*d**2 - d**2 + 4 - 3*d**2 + d. Let q(g) = -6*t(g) + 17*x(g). Give q(y).
8
Let x(b) = -b**2 + 7*b - 10. Let g(c) = -2*c + 3. Let y(p) = 7*g(p) + 2*x(p). What is y(1)?
-1
Let y(h) be the second derivative of 11*h**8/6720 + h**7/2520 - h**5/120 - h**4/6 - 2*h. Let r(d) be the third derivative of y(d). Determine r(1).
11
Let s(z) = -2*z**3 - 4*z**2 - 2*z + 2. Let g(a) be the first derivative of a**2/2 - 13*a - 5. Let f be g(11). What is s(f)?
6
Suppose -13 = -5*w + 12. Suppose 2*l - w*l = -6. Let q(y) = 2*y. Give q(l).
4
Let u(w) = -4*w**3 - 5*w**2 - 3*w + 5. Let t(m) = -5*m**3 - 5*m**2 - 2*m + 6. Let x(v) = 5*t(v) - 6*u(v). What is x(6)?
12
Let l be 84/(-70)*(-5)/(-1). Let s(q) = q**2 + 7*q - 6. Give s(l).
-12
Let k(p) = p. Let i(r) = -5*r + 5. Let f(h) = i(h) + 6*k(h). Determine f(-5).
0
Suppose 0*y + 5*y + 2*q = 1, 0 = -3*y - q. Let r = -2 - y. Let s(c) = 6*c + 6. Let o(i) = -1. Let k(x) = 6*o(x) + s(x). Calculate k(r).
-6
Let l be 4/18 + 10/(-45). Let t be (-10 - l)*(-3)/6. Let a(d) = 0*d**3 + 4*d + 4*d**2 - d**3 + 2 + 3. Calculate a(t).
0
Let l(g) = g + 6. Let i(j) = j**3 - 13*j**2 + 11*j + 3. Let o be i(12). What is l(o)?
-3
Suppose g = -4*g + 20. Let v(r) = 7*r**2 - 2*r**3 + 4*r**3 + 0*r**3 - 2*r. Let m(k) = 3*k**3 + 13*k**2 - 3*k + 1. Let p(t) = -3*m(t) + 5*v(t). What is p(g)?
-7
Let i(x) = -x**3 + 2 + 2 + 3*x + 0*x + 0. Give i(3).
-14
Let r(s) = -s + 5. Suppose -2*d + 2*o = -10, 0*o - 2 = 2*o. Give r(d).
1
Let g(p) = p**3 + 8*p**2 + 10*p + 8. Suppose 2*r - 7*r - 30 = 0. Determine g(r).
20
Let v(z) = -z**2 + 3*z - 5. Let f(i) = -4 + 2 - 2 - i + 5. Let h(l) = l**2 + 10*l + 11. Let r be h(-8). Let x(y) = r*f(y) - v(y). Calculate x(-2).
0
Let o(y) = y**2 + 13*y + 15. Let z be o(-12). Suppose -4*g = -0*g + z*j 